{"id":7114,"date":"2020-03-13T17:20:19","date_gmt":"2020-03-13T15:20:19","guid":{"rendered":"https:\/\/www.letera.lv\/wp-content\/uploads\/2020\/03\/Fizikas_finalisti_visi_un_LETERA.jpg"},"modified":"2020-03-13T17:20:19","modified_gmt":"2020-03-13T15:20:19","slug":"fizikas_finalisti_visi_un_letera-2","status":"inherit","type":"attachment","link":"https:\/\/www.letera.lv\/en\/fizikas_finalisti_visi_un_letera-2\/","title":{"rendered":"Fizikas_finalisti_visi_un_LETERA"},"author":4,"featured_media":0,"comment_status":"closed","ping_status":"closed","template":"","meta":{"_acf_changed":false},"class_list":["post-7114","attachment","type-attachment","status-inherit","hentry"],"acf":[],"description":{"rendered":"<p class=\"attachment\"><a href='https:\/\/www.letera.lv\/wp-content\/uploads\/2020\/03\/Fizikas_finalisti_visi_un_LETERA.jpg'><img loading=\"lazy\" decoding=\"async\" width=\"500\" height=\"333\" src=\"https:\/\/www.letera.lv\/wp-content\/uploads\/2020\/03\/Fizikas_finalisti_visi_un_LETERA-500x333.jpg\" class=\"attachment-medium size-medium\" alt=\"\" srcset=\"https:\/\/www.letera.lv\/wp-content\/uploads\/2020\/03\/Fizikas_finalisti_visi_un_LETERA-500x333.jpg 500w, https:\/\/www.letera.lv\/wp-content\/uploads\/2020\/03\/Fizikas_finalisti_visi_un_LETERA-768x512.jpg 768w, https:\/\/www.letera.lv\/wp-content\/uploads\/2020\/03\/Fizikas_finalisti_visi_un_LETERA-1024x683.jpg 1024w\" sizes=\"auto, (max-width: 500px) 100vw, 500px\" \/><\/a><\/p>\n"},"caption":{"rendered":"<p>20200309  Riga. Latvijas valsts prezidents Egils Levits piedal\u0101s &#8220;Ekselences balvas&#8221; pasnieg\u0161anas ceremonij\u0101. Foto \/ Ilmars Znotins \/ VPK<\/p>\n"},"alt_text":"","media_type":"image","mime_type":"image\/jpeg","media_details":{"width":2500,"height":1667,"file":"2020\/03\/Fizikas_finalisti_visi_un_LETERA.jpg","sizes":{"thumbnail":{"file":"Fizikas_finalisti_visi_un_LETERA-300x300.jpg","width":300,"height":300,"mime_type":"image\/jpeg","source_url":"https:\/\/www.letera.lv\/wp-content\/uploads\/2020\/03\/Fizikas_finalisti_visi_un_LETERA-300x300.jpg"},"medium":{"file":"Fizikas_finalisti_visi_un_LETERA-500x333.jpg","width":500,"height":333,"mime_type":"image\/jpeg","source_url":"https:\/\/www.letera.lv\/wp-content\/uploads\/2020\/03\/Fizikas_finalisti_visi_un_LETERA-500x333.jpg"},"medium_large":{"file":"Fizikas_finalisti_visi_un_LETERA-768x512.jpg","width":768,"height":512,"mime_type":"image\/jpeg","source_url":"https:\/\/www.letera.lv\/wp-content\/uploads\/2020\/03\/Fizikas_finalisti_visi_un_LETERA-768x512.jpg"},"large":{"file":"Fizikas_finalisti_visi_un_LETERA-1024x683.jpg","width":1024,"height":683,"mime_type":"image\/jpeg","source_url":"https:\/\/www.letera.lv\/wp-content\/uploads\/2020\/03\/Fizikas_finalisti_visi_un_LETERA-1024x683.jpg"},"full":{"file":"Fizikas_finalisti_visi_un_LETERA.jpg","width":2500,"height":1667,"mime_type":"image\/jpeg","source_url":"https:\/\/www.letera.lv\/wp-content\/uploads\/2020\/03\/Fizikas_finalisti_visi_un_LETERA.jpg"}},"image_meta":{"aperture":"4","credit":"Valsts prezidenta kanceleja","camera":"NIKON D850","caption":"20200309  Riga. Latvijas valsts prezidents Egils Levits piedal\u0101s \"Ekselences balvas\" pasnieg\u0161anas ceremonij\u0101. Foto \/ Ilmars Znotins \/ VPK","created_timestamp":"1583770365","copyright":"@Ilmars Znotins","focal_length":"40","iso":"6400","shutter_speed":"0.00625","title":"","orientation":"0","keywords":[]}},"post":null,"source_url":"https:\/\/www.letera.lv\/wp-content\/uploads\/2020\/03\/Fizikas_finalisti_visi_un_LETERA.jpg","_links":{"self":[{"href":"https:\/\/www.letera.lv\/en\/wp-json\/wp\/v2\/media\/7114","targetHints":{"allow":["GET"]}}],"collection":[{"href":"https:\/\/www.letera.lv\/en\/wp-json\/wp\/v2\/media"}],"about":[{"href":"https:\/\/www.letera.lv\/en\/wp-json\/wp\/v2\/types\/attachment"}],"author":[{"embeddable":true,"href":"https:\/\/www.letera.lv\/en\/wp-json\/wp\/v2\/users\/4"}],"replies":[{"embeddable":true,"href":"https:\/\/www.letera.lv\/en\/wp-json\/wp\/v2\/comments?post=7114"}]}}

<p>20200309  Riga. Latvijas valsts prezidents Egils Levits piedalās &#8220;Ekselences balvas&#8221; pasniegšanas ceremonijā. Foto / Ilmars Znotins / VPK</p>

20200309  Riga. Latvijas valsts prezidents Egils Levits piedalās "Ekselences balvas" pasniegšanas ceremonijā. Foto / Ilmars Znotins / VPK
